se 8?
-43547
-10111100010 (base 2) to base 15
-6a6
-13204 (base 6) to base 4
-133210
What is -21c (base 15) in base 3?
-122200
Convert -769 (base 13) to base 12.
-89a
What is -10001100111111 (base 2) in base 10?
-9023
What is 91b (base 15) in base 16?
803
Convert 57 (base 10) to base 12.
49
What is 644 (base 9) in base 10?
526
4595 (base 15) to base 2
11100110101101
Convert -609 (base 11) to base 14.
-3a7
1010111001 (base 2) to base 5
10242
32451 (base 6) to base 2
1000110001111
Convert -106 (base 7) to base 5.
-210
What is 1011212101 (base 3) in base 14?
8674
What is -12201 (base 4) in base 8?
-641
What is -10cb (base 13) in base 16?
-93c
What is -1000001100000000 (base 2) in base 12?
-174a8
What is -312030 (base 4) in base 12?
-2010
98 (base 13) to base 4
1331
What is c9 (base 13) in base 8?
245
Convert 1aa (base 12) to base 13.
181
What is -2924 (base 12) in base 10?
-4780
What is -2531 (base 8) in base 5?
-20434
-2671 (base 10) to base 3
-10122221
-2030 (base 4) to base 13
-aa
1198 (base 11) to base 8
3027
Convert 1da7 (base 14) to base 2.
1010100111111
1200045 (base 6) to base 7
346310
Convert 3233 (base 6) to base 5.
10431
-5cc1 (base 14) to base 4
-3331301
What is -15c27 (base 13) in base 6?
-520343
Convert 26c (base 14) to base 12.
348
Convert 141301 (base 5) to base 3.
21222210
Convert -741 (base 11) to base 5.
-12032
What is 133340 (base 5) in base 4?
1111132
What is 302203 (base 4) in base 11?
2481
What is 6e (base 16) in base 9?
132
What is a10 (base 12) in base 10?
1452
Convert -3ef (base 16) to base 6.
-4355
What is -713 (base 12) in base 10?
-1023
What is -21231032 (base 4) in base 13?
-15134
What is -16178 (base 9) in base 6?
-123155
-101101110011 (base 2) to base 14
-10d5
Convert -1323130 (base 4) to base 11.
-5a32
Convert -9a7 (base 15) to base 9.
-2884
2537 (base 11) to base 2
110011101011
What is 3020101 (base 4) in base 3?
122120201
What is 102122022 (base 3) in base 9?
12568
-35521 (base 6) to base 16
-1429
What is -b86b (base 14) in base 5?
-2004342
8c1 (base 13) to base 12
a59
Convert 103242 (base 5) to base 11.
2758
-7e3a (base 15) to base 11
-19181
Convert 334 (base 8) to base 2.
11011100
12102202 (base 3) to base 15
1292
Convert -219 (base 12) to base 16.
-135
What is 10c3 (base 13) in base 2?
100100110100
What is -a216 (base 16) in base 9?
-62824
-3113 (base 5) to base 8
-630
-2676 (base 8) to base 3
-2000110
What is -4ad (base 14) in base 2?
-1110101001
What is -100000111110000 (base 2) in base 12?
-9928
Convert 1c57 (base 13) to base 3.
12220011
What is -356 (base 8) in base 4?
-3232
What is -79a9 (base 11) in base 7?
-42454
-1011021 (base 3) to base 10
-844
13419 (base 12) to base 15
7ccc
Convert -321 (base 16) to base 11.
-669
What is -1663 (base 7) in base 5?
-10212
-10020211120 (base 3) to base 11
-44121
What is -bb4 (base 15) in base 11?
-1a94
-21346 (base 9) to base 2
-11011100111000
What is -40d (base 15) in base 4?
-32101
What is 3415 (base 7) in base 11?
a25
What is 719 (base 11) in base 8?
1543
-65451 (base 8) to base 14
-9dd7
What is -43 (base 13) in base 16?
-37
What is 53a4 (base 15) in base 14?
6648
What is 23331 (base 4) in base 5?
11030
Convert -102110 (base 4) to base 11.
-976
What is 1002022 (base 3) in base 13?
48b
-153 (base 11) to base 10
-179
-11107 (base 15) to base 4
-31033120
-725 (base 15) to base 13
-96b
What is -134610 (base 8) in base 5?
-3004441
333222 (base 5) to base 6
130035
Convert -376 (base 14) to base 13.
-413
Convert -32353 (base 6) to base 16.
-116d
2843 (base 10) to base 15
c98
What is -11221 (base 4) in base 5?
-2421
-11100010101 (base 2) to base 11
-13a9
-2000113 (base 4) to base 2
-10000000010111
Convert -16433 (base 11) to base 15.
-6cd2
Convert -1ef (base 16) to base 8.
-757
What is 3043032 (base 5) in base 3?
2112021020
Convert -31010 (base 4) to base 2.
-1101000100
-d6d1 (base 14) to base 4
-21002213
What is 7f4a (base 16) in base 15?
99c6
Convert -133 (base 7) to base 15.
-4d
What is -6316 (base 10) in base 11?
-4822
What is 2805 (base 14) in base 3?
100200112
Convert -10000100010 (base 2) to base 7.
-3041
Convert 1934b (base 12) to base 3.
1212110012
What is -31123 (base 5) in base 3?
-2210111
-5316 (base 7) to base 8
-3523
Convert -101220 (base 4) to base 11.
-936
91a8 (base 12) to base 9
23632
What is 1320 (base 6) in base 11?
286
What is 66282 (base 10) in base 16?
102ea
Convert -24196 (base 10) to base 7.
-130354
Convert 412 (base 12) to base 3.
210212
What is -109 (base 14) in base 9?
-247
What is -4709 (base 16) in base 2?
-100011100001001
261b (base 15) to base 13
3911
3122 (base 5) to base 6
1524
What is 13207 (base 9) in base 10?
8917
-234 (base 5) to base 14
-4d
What is -593e (base 15) in base 5?
-1101314
4135 (base 6) to base 13
560
-467 (base 9) to base 10
-385
-527 (base 13) to base 15
-3d8
413 (base 9) to base 3
110110
Convert 23781 (base 10) to base 16.
5ce5
Convert -111 (base 12) to base 5.
-1112
What is -543 (base 8) in base 7?
-1015
Convert 13133001 (base 4) to base 3.
1120001110
1996 (base 11) to base 4
213131
-6670 (base 8) to base 10
-3512
Convert 30156 (base 7) to base 9.
11003
3034142 (base 5) to base 9
74554
What is -102202011 (base 3) in base 13?
-3b89
2d8 (base 14) to base 7
1461
-1130 (base 6) to base 16
-10e
Convert 392 (base 11) to base 14.
252
-64e (base 15) to base 14
-73a
What is 40235 (base 10) in base 6?
510135
Convert 463 (base 8) to base 13.
1a8
What is -2464 (base 7) in base 12?
-654
-460 (base 10) to base 14
-24c
-13121 (base 5) to base 13
-619
What is -2021212100 (base 3) in base 12?
-22123
-496 (base 12) to base 11
-578
What is 7165 (base 10) in base 15?
21ca
What is -13421 (base 5) in base 9?
-1464
-3c7 (base 14) to base 13
-469
-2223 (base 6) to base 13
-30c
-45b5 (base 13) to base 9
-14367
10b4 (base 14) to base 11
21a9
Convert 330 (base 12) to base 3.
122100
Convert -4056 (base 10) to base 4.
-333120
Convert 478 (base 12) to base 13.
3c5
Convert 5b4 (base 13) to base 11.
822
What is -100101000101001 (base 2) in base 12?
-aba1
Convert -1078 (base 9) to base 4.
-30200
Convert -26166 (base 7) to base 6.
-52113
Convert 211513 (base 6) to base 4.
10031211
Convert a8 (base 14) to base 5.
1043
2980 (base 13) to base 9
8227
Convert -1303 (base 10) to base 13.
-793
Convert 18780 (base 11) to base 7.
136312
What is -c515 (base 16) in base 6?
-1025325
What is -110110010 (base 2) in base 8?
-662
11110011 (base 2) to base 11
201
Convert -2230314 (base 5) to base 9.
-60113
Convert 109c (base 13) to base 4.
210112
Convert 5611 (base 7) to base 5.
31032
Convert -c22 (base 14) to base 5.
-34012
What is -4476 (base 8) in base 5?
-33431
What is 7343 (base 14) in base 2?
100110110001111
What is -330 (base 10) in base 3?
-110020
Convert -12200012 (base 4) to base 6.
-323142
What is 12998 (base 10) in base 6?
140102
Convert 11120 (base 4) to base 13.
206
What is -4a0c (base 16) in base 9?
-28002
What is 355 (base 6) in base 2?
10001111
10282 (base 9) to base 6
51245
1306 (base 7) to base 4
13300
What is 16837 (base 9) in base 11?
8801
What is 13b9a (base 13) in base 2?
1001000100010010
Convert 1001011001011111 (base 2) to base 7.
220142
50142 (base 9) to base 5
2023144
What is -233212 (base 4) in base 2?
-101111100110
85 (base 11) to base 12
79
What is 8924 (base 13) in base 15?
5a02
-55dc (base 14) to base 6
-152542
What is -1137 (base 11) in base 9?
-2037
What is -9c9 (base 14) in base 8?
-3625
14a (base 16) to base 8
512
Convert -353 (base 7) to base 15.
-c5
Convert -660 (base 8) to base 4.
-12300
-355350 (base 7) to base 16
-fb43
Convert 403a (base 12) to base 11.
5256
What is 1302 (base 15) in base 3?
12120002
Convert 1110010011010 (base 2) to base 6.
53522
What is -1211 (base 6) in base 13?
-199
-3041321 (base 5) to base 3
-2112000112
1079 (base 13) to base 7
6461
-1da1 (base 14) to base 16
-1539
12c2 (base 13) to base 11
2029
Convert 18918 (base 12) to base 13.
13439
20201 (base 4) to base 16
221
1424 (base 5) to base 2
11101111
Convert d6e (base 16) to base 7.
13011
What is -355025 (base 6) in base 15?
-9255
1378 (base 9) to base 3
1102122
What is -15518 (base 10) in base 11?
-10728
What is -2362 (base 10) in base 7?
-6613
-143510 (base 7) to base 16
-6c2c
Convert 2d33 (base 15) to base 5.
302343
c4 (base 15) to base 12
134
Convert